 greatest common divisor of 31730 and 610.
10
What is the greatest common factor of 6660796 and 388?
388
What is the highest common divisor of 2790 and 750?
30
What is the greatest common factor of 528 and 8608?
16
What is the greatest common factor of 84469 and 2387?
77
Calculate the greatest common factor of 20955 and 45.
15
Calculate the highest common divisor of 2536 and 31383.
317
Calculate the highest common divisor of 258 and 444.
6
What is the highest common divisor of 4077 and 9664?
151
What is the highest common factor of 869 and 418?
11
Calculate the highest common factor of 790736 and 219.
73
What is the highest common divisor of 30 and 685095?
15
What is the highest common divisor of 1788052 and 112?
28
Calculate the highest common factor of 797074 and 706.
706
Calculate the highest common factor of 256 and 24528.
16
What is the highest common divisor of 138697 and 52?
13
Calculate the highest common factor of 328 and 123164.
164
Calculate the highest common divisor of 400 and 123400.
200
What is the greatest common divisor of 9378 and 6498?
18
What is the greatest common divisor of 357 and 849065?
119
What is the highest common divisor of 457299 and 27?
27
What is the greatest common divisor of 129624 and 187?
11
What is the greatest common divisor of 572247 and 201?
201
Calculate the greatest common factor of 117381 and 132.
33
What is the greatest common factor of 32209 and 217?
31
What is the highest common factor of 1191965 and 95?
95
Calculate the greatest common factor of 6 and 203358.
6
What is the highest common divisor of 7300 and 3869?
73
Calculate the highest common factor of 9 and 7369.
1
What is the highest common factor of 1506 and 50?
2
Calculate the highest common divisor of 8960 and 71600.
80
Calculate the greatest common divisor of 801064 and 32.
8
What is the highest common divisor of 57616 and 784?
16
Calculate the greatest common factor of 314 and 297829.
157
Calculate the greatest common factor of 798 and 23454.
6
Calculate the highest common factor of 42887 and 2041.
13
What is the greatest common divisor of 9920 and 960?
320
What is the highest common factor of 65832 and 26?
26
Calculate the greatest common divisor of 1110 and 672.
6
Calculate the greatest common factor of 14 and 25268082.
14
Calculate the highest common factor of 103 and 10490756.
103
Calculate the greatest common factor of 3813 and 744.
93
Calculate the highest common divisor of 31706 and 47368.
382
Calculate the greatest common divisor of 72 and 178902.
18
Calculate the greatest common factor of 245448 and 16128.
504
What is the greatest common divisor of 799 and 37553?
799
What is the greatest common divisor of 210 and 44562?
42
What is the greatest common divisor of 3317 and 25141?
31
Calculate the highest common factor of 685 and 1448775.
685
What is the greatest common factor of 246626 and 8558?
778
Calculate the highest common factor of 676818 and 76.
38
Calculate the greatest common factor of 17917 and 43263.
437
What is the highest common factor of 10731807 and 9?
9
Calculate the highest common divisor of 42412 and 6532.
92
What is the highest common factor of 392601 and 33?
33
Calculate the highest common factor of 144011 and 49.
49
Calculate the greatest common factor of 117713 and 424.
53
Calculate the highest common factor of 28 and 3974488.
28
Calculate the highest common divisor of 2177 and 311.
311
What is the greatest common divisor of 113 and 5311?
113
Calculate the highest common divisor of 14577 and 12900.
129
What is the greatest common divisor of 168 and 24920?
56
Calculate the highest common factor of 22 and 479820.
22
What is the greatest common divisor of 98120 and 24084?
892
Calculate the greatest common factor of 14018 and 2150.
86
Calculate the highest common divisor of 386694 and 726.
66
Calculate the greatest common factor of 24 and 15798.
6
What is the highest common factor of 84710 and 1290?
430
Calculate the highest common divisor of 60 and 89870.
10
Calculate the greatest common factor of 752 and 2048.
16
Calculate the highest common divisor of 280 and 113750.
70
What is the highest common divisor of 34368 and 498?
6
What is the greatest common factor of 60 and 21975?
15
Calculate the greatest common divisor of 1148 and 222548.
164
What is the greatest common divisor of 12 and 107790?
6
Calculate the greatest common divisor of 112 and 185591.
7
What is the highest common divisor of 61383 and 1258?
37
Calculate the highest common factor of 583572 and 48.
12
What is the highest common factor of 440 and 45540?
220
Calculate the greatest common divisor of 326095 and 77.
77
Calculate the greatest common factor of 1001946 and 9306.
3102
Calculate the greatest common factor of 218434 and 161260.
1466
What is the greatest common factor of 44764 and 380?
76
Calculate the greatest common factor of 115630 and 496.
62
What is the greatest common factor of 19987 and 2123?
11
Calculate the greatest common divisor of 2703 and 9858.
159
What is the greatest common divisor of 290 and 80330?
290
What is the greatest common divisor of 1225 and 4050?
25
Calculate the greatest common divisor of 136758 and 138.
138
Calculate the greatest common divisor of 35960 and 110.
10
Calculate the greatest common divisor of 7084 and 92736.
644
Calculate the highest common divisor of 9 and 1125.
9
What is the highest common factor of 17200 and 1548?
172
What is the greatest common divisor of 1898780 and 872?
436
Calculate the highest common divisor of 7798 and 63.
7
Calculate the highest common divisor of 12620 and 860.
20
What is the highest common factor of 5771 and 4577?
199
What is the greatest common factor of 6392 and 104?
8
What is the highest common divisor of 196990 and 90?
10
What is the highest common divisor of 33096 and 33600?
168
Calculate the greatest common divisor of 1739 and 481.
37
What is the highest common divisor of 525849 and 46?
23
What is the highest common divisor of 100 and 26696?
4
Calculate the highest common factor of 4060 and 835548.
812
What is the highest common factor of 231 and 67782?
33
What is the greatest common divisor of 458670 and 50?
10
Calculate the greatest common divisor of 55 and 202175.
5
Calculate the highest common divisor of 98 and 23.
1
Calculate the greatest common factor of 88 and 2204664.
88
What is the highest common factor of 7089 and 5421?
417
What is the highest common factor of 60432 and 48?
48
Calculate the highest common factor of 34 and 70771.
17
Calculate the greatest common divisor of 51656 and 286.
22
What is the highest common factor of 996 and 372?
12
Calculate the highest common divisor of 14547 and 1716.
39
Calculate the greatest common divisor of 260 and 26600.
20
What is the greatest common factor of 75088 and 494?
494
Calculate the highest common divisor of 99 and 82881.
9
Calculate the greatest common factor of 77 and 250789.
77
Calculate the highest common divisor of 456 and 805448.
152
Calculate the greatest common divisor of 175 and 369775.
175
What is the highest common factor of 307771 and 106?
53
Calculate the highest common divisor of 1453248 and 72.
72
What is the greatest common divisor of 8961 and 261?
87
What is the highest common factor of 3204 and 127626?
534
What is the highest common factor of 22119 and 73023?
303
Calculate the highest common divisor of 8808 and 540.
12
Calculate the greatest common divisor of 76 and 2526.
2
What is the highest common divisor of 7420 and 14045?
265
Calculate the highest common factor of 52 and 264641.
13
Calculate the highest common factor of 2737 and 47243.
119
Calculate the highest common factor of 28815 and 3051.
339
Calculate the greatest common divisor of 1512 and 28161.
189
What is the greatest common divisor of 297921 and 546?
39
What is the greatest common divisor of 142788 and 657?
219
Calculate the greatest common factor of 42742 and 1.
1
What is the highest common divisor of 3 and 171957?
3
Calculate the highest common divisor of 20380 and 28.
4
Calculate the greatest common factor of 108 and 2019.
3
Calculate the greatest common factor of 288250 and 20754.
2306
What is the greatest common divisor of 4 and 1865884?
4
Calculate the greatest common factor of 1612 and 2860.
52
What is the greatest common f